[INFO] fetching crate rms 0.4.2...
[INFO] building rms-0.4.2 against master#881c1ac408d93bb7adaa3a51dabab9266e82eee8 for issue-85264
[INFO] extracting crate rms 0.4.2 into /workspace/builds/worker-10/source
[INFO] validating manifest of crates.io crate rms 0.4.2 on toolchain 881c1ac408d93bb7adaa3a51dabab9266e82eee8
[INFO] running `Command { std: "/workspace/cargo-home/bin/cargo" "+881c1ac408d93bb7adaa3a51dabab9266e82eee8" "metadata" "--manifest-path" "Cargo.toml" "--no-deps", kill_on_drop: false }`
[INFO] started tweaking crates.io crate rms 0.4.2
[INFO] finished tweaking crates.io crate rms 0.4.2
[INFO] tweaked toml for crates.io crate rms 0.4.2 written to /workspace/builds/worker-10/source/Cargo.toml
[INFO] running `Command { std: "/workspace/cargo-home/bin/cargo" "+881c1ac408d93bb7adaa3a51dabab9266e82eee8" "generate-lockfile" "--manifest-path" "Cargo.toml" "-Zno-index-update", kill_on_drop: false }`
[INFO] running `Command { std: "/workspace/cargo-home/bin/cargo" "+881c1ac408d93bb7adaa3a51dabab9266e82eee8" "fetch" "--manifest-path" "Cargo.toml", kill_on_drop: false }`
[INFO] [stderr]  Downloading crates ...
[INFO] [stderr]   Downloaded sample v0.2.0
[INFO] [stderr]   Downloaded daggy v0.1.4
[INFO] [stderr]   Downloaded portaudio v0.5.1
[INFO] [stderr]   Downloaded sound_stream v0.6.0
[INFO] [stderr]   Downloaded petgraph v0.1.18
[INFO] [stderr]   Downloaded dsp-chain v0.9.0
[INFO] [stderr]   Downloaded time_calc v0.10.1
[INFO] running `Command { std: "docker" "create" "-v" "/var/lib/crater-agent-workspace/builds/worker-10/target:/opt/rustwide/target:rw,Z" "-v" "/var/lib/crater-agent-workspace/builds/worker-10/source:/opt/rustwide/workdir:ro,Z" "-v" "/var/lib/crater-agent-workspace/cargo-home:/opt/rustwide/cargo-home:ro,Z" "-v" "/var/lib/crater-agent-workspace/rustup-home:/opt/rustwide/rustup-home:ro,Z" "-e" "SOURCE_DIR=/opt/rustwide/workdir" "-e" "CARGO_TARGET_DIR=/opt/rustwide/target" "-e" "CARGO_HOME=/opt/rustwide/cargo-home" "-e" "RUSTUP_HOME=/opt/rustwide/rustup-home" "-w" "/opt/rustwide/workdir" "-m" "1610612736" "--user" "0:0" "--network" "none" "ghcr.io/rust-lang/crates-build-env/linux@sha256:20528e8c29e4536546f0102ce88568b16ea7538393a33fcca951030f7af10457" "/opt/rustwide/cargo-home/bin/cargo" "+881c1ac408d93bb7adaa3a51dabab9266e82eee8" "metadata" "--no-deps" "--format-version=1", kill_on_drop: false }`
[INFO] [stdout] 7e1b0619fcdc848feb21cfe23ab566539678cec6103c42d481e26fe7741ab6a4
[INFO] [stderr] WARNING: Your kernel does not support swap limit capabilities or the cgroup is not mounted. Memory limited without swap.
[INFO] running `Command { std: "docker" "start" "-a" "7e1b0619fcdc848feb21cfe23ab566539678cec6103c42d481e26fe7741ab6a4", kill_on_drop: false }`
[INFO] running `Command { std: "docker" "inspect" "7e1b0619fcdc848feb21cfe23ab566539678cec6103c42d481e26fe7741ab6a4", kill_on_drop: false }`
[INFO] running `Command { std: "docker" "rm" "-f" "7e1b0619fcdc848feb21cfe23ab566539678cec6103c42d481e26fe7741ab6a4", kill_on_drop: false }`
[INFO] [stdout] 7e1b0619fcdc848feb21cfe23ab566539678cec6103c42d481e26fe7741ab6a4
[INFO] running `Command { std: "docker" "create" "-v" "/var/lib/crater-agent-workspace/builds/worker-10/target:/opt/rustwide/target:rw,Z" "-v" "/var/lib/crater-agent-workspace/builds/worker-10/source:/opt/rustwide/workdir:ro,Z" "-v" "/var/lib/crater-agent-workspace/cargo-home:/opt/rustwide/cargo-home:ro,Z" "-v" "/var/lib/crater-agent-workspace/rustup-home:/opt/rustwide/rustup-home:ro,Z" "-e" "SOURCE_DIR=/opt/rustwide/workdir" "-e" "CARGO_TARGET_DIR=/opt/rustwide/target" "-e" "CARGO_INCREMENTAL=0" "-e" "RUST_BACKTRACE=full" "-e" "RUSTFLAGS=--cap-lints=forbid" "-e" "CARGO_HOME=/opt/rustwide/cargo-home" "-e" "RUSTUP_HOME=/opt/rustwide/rustup-home" "-w" "/opt/rustwide/workdir" "-m" "1610612736" "--user" "0:0" "--network" "none" "ghcr.io/rust-lang/crates-build-env/linux@sha256:20528e8c29e4536546f0102ce88568b16ea7538393a33fcca951030f7af10457" "/opt/rustwide/cargo-home/bin/cargo" "+881c1ac408d93bb7adaa3a51dabab9266e82eee8" "build" "--frozen" "--message-format=json", kill_on_drop: false }`
[INFO] [stdout] f1b91653ab9a78bfa3f99468be51fbef775ed7f1b8ee41d40f1d63309f15bb3b
[INFO] [stderr] WARNING: Your kernel does not support swap limit capabilities or the cgroup is not mounted. Memory limited without swap.
[INFO] running `Command { std: "docker" "start" "-a" "f1b91653ab9a78bfa3f99468be51fbef775ed7f1b8ee41d40f1d63309f15bb3b", kill_on_drop: false }`
[INFO] [stderr]     Blocking waiting for file lock on package cache
[INFO] [stderr]    Compiling libc v0.1.12
[INFO] [stderr]    Compiling fixedbitset v0.1.9
[INFO] [stderr]    Compiling bitflags v0.3.3
[INFO] [stderr]    Compiling sample v0.2.0
[INFO] [stderr]    Compiling num-traits v0.2.14
[INFO] [stderr]    Compiling num-integer v0.1.44
[INFO] [stderr]    Compiling num-iter v0.1.42
[INFO] [stderr]    Compiling portaudio v0.5.1
[INFO] [stderr]    Compiling rand v0.4.6
[INFO] [stderr]    Compiling petgraph v0.1.18
[INFO] [stdout] error[E0034]: multiple applicable items in scope
[INFO] [stdout]    --> /opt/rustwide/cargo-home/registry/src/github.com-1ecc6299db9ec823/petgraph-0.1.18/src/graph.rs:404:21
[INFO] [stdout]     |
[INFO] [stdout] 404 |         assert!(Ix::max().index() == !0 || NodeIndex::end() != node_idx);
[INFO] [stdout]     |                     ^^^ multiple `max` found
[INFO] [stdout]     |
[INFO] [stdout] note: candidate #1 is defined in the trait `IndexType`
[INFO] [stdout]    --> /opt/rustwide/cargo-home/registry/src/github.com-1ecc6299db9ec823/petgraph-0.1.18/src/graph.rs:28:5
[INFO] [stdout]     |
[INFO] [stdout] 28  |     fn max() -> Self;
[INFO] [stdout]     |     ^^^^^^^^^^^^^^^^^
[INFO] [stdout] note: candidate #2 is defined in the trait `Ord`
[INFO] [stdout] help: disambiguate the associated function for candidate #1
[INFO] [stdout]     |
[INFO] [stdout] 404 |         assert!(IndexType::max().index() == !0 || NodeIndex::end() != node_idx);
[INFO] [stdout]     |                 ^^^^^^^^^^^^^^
[INFO] [stdout] help: disambiguate the associated function for candidate #2
[INFO] [stdout]     |
[INFO] [stdout] 404 |         assert!(Ord::max().index() == !0 || NodeIndex::end() != node_idx);
[INFO] [stdout]     |                 ^^^^^^^^
[INFO] [stdout] 
[INFO] [stdout] 
[INFO] [stderr] error: failed to run custom build command for `portaudio v0.5.1`
[INFO] [stderr] 
[INFO] [stderr] Caused by:
[INFO] [stderr]   process didn't exit successfully: `/opt/rustwide/target/debug/build/portaudio-c49467fbcb230db6/build-script-build` (exit status: 101)
[INFO] [stderr]   --- stdout
[INFO] [stderr]   cargo:rerun-if-env-changed=PORTAUDIO_2.0_NO_PKG_CONFIG
[INFO] [stderr]   cargo:rerun-if-env-changed=PKG_CONFIG
[INFO] [stderr]   cargo:rerun-if-env-changed=PORTAUDIO_2.0_STATIC
[INFO] [stderr]   cargo:rerun-if-env-changed=PORTAUDIO_2.0_DYNAMIC
[INFO] [stderr]   cargo:rerun-if-env-changed=PKG_CONFIG_ALL_STATIC
[INFO] [stderr]   cargo:rerun-if-env-changed=PKG_CONFIG_ALL_DYNAMIC
[INFO] [stderr]   cargo:rerun-if-env-changed=PKG_CONFIG_PATH_x86_64-unknown-linux-gnu
[INFO] [stderr]   cargo:rerun-if-env-changed=PKG_CONFIG_PATH_x86_64_unknown_linux_gnu
[INFO] [stderr]   cargo:rerun-if-env-changed=HOST_PKG_CONFIG_PATH
[INFO] [stderr]   cargo:rerun-if-env-changed=PKG_CONFIG_PATH
[INFO] [stderr]   cargo:rerun-if-env-changed=PKG_CONFIG_LIBDIR_x86_64-unknown-linux-gnu
[INFO] [stderr]   cargo:rerun-if-env-changed=PKG_CONFIG_LIBDIR_x86_64_unknown_linux_gnu
[INFO] [stderr]   cargo:rerun-if-env-changed=HOST_PKG_CONFIG_LIBDIR
[INFO] [stderr]   cargo:rerun-if-env-changed=PKG_CONFIG_LIBDIR
[INFO] [stderr]   cargo:rerun-if-env-changed=PKG_CONFIG_SYSROOT_DIR_x86_64-unknown-linux-gnu
[INFO] [stderr]   cargo:rerun-if-env-changed=PKG_CONFIG_SYSROOT_DIR_x86_64_unknown_linux_gnu
[INFO] [stderr]   cargo:rerun-if-env-changed=HOST_PKG_CONFIG_SYSROOT_DIR
[INFO] [stderr]   cargo:rerun-if-env-changed=PKG_CONFIG_SYSROOT_DIR
[INFO] [stderr] 
[INFO] [stderr]   --- stderr
[INFO] [stderr]   thread 'main' panicked at 'No such file or directory (os error 2)', /opt/rustwide/cargo-home/registry/src/github.com-1ecc6299db9ec823/portaudio-0.5.1/build.rs:83:23
[INFO] [stderr]   stack backtrace:
[INFO] [stderr]      0:     0x559dd1c23860 - std::backtrace_rs::backtrace::libunwind::trace::hdcf4f90f85129e83
[INFO] [stderr]                                  at /rustc/881c1ac408d93bb7adaa3a51dabab9266e82eee8/library/std/src/../../backtrace/src/backtrace/libunwind.rs:90:5
[INFO] [stderr]      1:     0x559dd1c23860 - std::backtrace_rs::backtrace::trace_unsynchronized::h2669e30cb82f6732
[INFO] [stderr]                                  at /rustc/881c1ac408d93bb7adaa3a51dabab9266e82eee8/library/std/src/../../backtrace/src/backtrace/mod.rs:66:5
[INFO] [stderr]      2:     0x559dd1c23860 - std::sys_common::backtrace::_print_fmt::hfbda19e17f6db318
[INFO] [stderr]                                  at /rustc/881c1ac408d93bb7adaa3a51dabab9266e82eee8/library/std/src/sys_common/backtrace.rs:67:5
[INFO] [stderr]      3:     0x559dd1c23860 - <std::sys_common::backtrace::_print::DisplayBacktrace as core::fmt::Display>::fmt::h1a8751bf59281272
[INFO] [stderr]                                  at /rustc/881c1ac408d93bb7adaa3a51dabab9266e82eee8/library/std/src/sys_common/backtrace.rs:46:22
[INFO] [stderr]      4:     0x559dd1c41ecf - core::fmt::write::h7aa6cd0067dca82a
[INFO] [stderr]                                  at /rustc/881c1ac408d93bb7adaa3a51dabab9266e82eee8/library/core/src/fmt/mod.rs:1094:17
[INFO] [stderr]      5:     0x559dd1c213c5 - std::io::Write::write_fmt::hd7dd3a1df9b6befb
[INFO] [stderr]                                  at /rustc/881c1ac408d93bb7adaa3a51dabab9266e82eee8/library/std/src/io/mod.rs:1584:15
[INFO] [stderr]      6:     0x559dd1c2569b - std::sys_common::backtrace::_print::h551e9ec8a9fa8106
[INFO] [stderr]                                  at /rustc/881c1ac408d93bb7adaa3a51dabab9266e82eee8/library/std/src/sys_common/backtrace.rs:49:5
[INFO] [stderr]      7:     0x559dd1c2569b - std::sys_common::backtrace::print::ha4b1c5e95fa040b3
[INFO] [stderr]                                  at /rustc/881c1ac408d93bb7adaa3a51dabab9266e82eee8/library/std/src/sys_common/backtrace.rs:36:9
[INFO] [stderr]      8:     0x559dd1c2569b - std::panicking::default_hook::{{closure}}::h0b34c9ab7fb9f857
[INFO] [stderr]                                  at /rustc/881c1ac408d93bb7adaa3a51dabab9266e82eee8/library/std/src/panicking.rs:208:50
[INFO] [stderr]      9:     0x559dd1c2517d - std::panicking::default_hook::h3067e8318decd17a
[INFO] [stderr]                                  at /rustc/881c1ac408d93bb7adaa3a51dabab9266e82eee8/library/std/src/panicking.rs:225:9
[INFO] [stderr]     10:     0x559dd1c25c4d - std::panicking::rust_panic_with_hook::h81b8facc50f34daa
[INFO] [stderr]                                  at /rustc/881c1ac408d93bb7adaa3a51dabab9266e82eee8/library/std/src/panicking.rs:591:17
[INFO] [stderr]     11:     0x559dd1c25847 - std::panicking::begin_panic_handler::{{closure}}::ha376ab85d95a000e
[INFO] [stderr]                                  at /rustc/881c1ac408d93bb7adaa3a51dabab9266e82eee8/library/std/src/panicking.rs:497:13
[INFO] [stderr]     12:     0x559dd1c23d1c - std::sys_common::backtrace::__rust_end_short_backtrace::h6795c8afdd1a77e6
[INFO] [stderr]                                  at /rustc/881c1ac408d93bb7adaa3a51dabab9266e82eee8/library/std/src/sys_common/backtrace.rs:141:18
[INFO] [stderr]     13:     0x559dd1c257a9 - rust_begin_unwind
[INFO] [stderr]                                  at /rustc/881c1ac408d93bb7adaa3a51dabab9266e82eee8/library/std/src/panicking.rs:493:5
[INFO] [stderr]     14:     0x559dd1be3b8b - std::panicking::begin_panic_fmt::hf43a0025042538e2
[INFO] [stderr]                                  at /rustc/881c1ac408d93bb7adaa3a51dabab9266e82eee8/library/std/src/panicking.rs:435:5
[INFO] [stderr]     15:     0x559dd1be4ca0 - build_script_build::unix_platform::build::h2e66bbad839b5f11
[INFO] [stderr]                                  at /opt/rustwide/cargo-home/registry/src/github.com-1ecc6299db9ec823/portaudio-0.5.1/build.rs:83:23
[INFO] [stderr]     16:     0x559dd1be61a3 - build_script_build::platform::build::h414b3a7381313dd0
[INFO] [stderr]                                  at /opt/rustwide/cargo-home/registry/src/github.com-1ecc6299db9ec823/portaudio-0.5.1/build.rs:140:9
[INFO] [stderr]     17:     0x559dd1be6815 - build_script_build::build::h46b8d66eac94d697
[INFO] [stderr]                                  at /opt/rustwide/cargo-home/registry/src/github.com-1ecc6299db9ec823/portaudio-0.5.1/build.rs:49:9
[INFO] [stderr]     18:     0x559dd1be66a2 - build_script_build::main::h58d9266fe43f518c
[INFO] [stderr]                                  at /opt/rustwide/cargo-home/registry/src/github.com-1ecc6299db9ec823/portaudio-0.5.1/build.rs:38:5
[INFO] [stderr]     19:     0x559dd1be596b - core::ops::function::FnOnce::call_once::h16dc27650f1f76ec
[INFO] [stderr]                                  at /rustc/881c1ac408d93bb7adaa3a51dabab9266e82eee8/library/core/src/ops/function.rs:227:5
[INFO] [stderr]     20:     0x559dd1be58fe - std::sys_common::backtrace::__rust_begin_short_backtrace::hfae1409d3b5377b5
[INFO] [stderr]                                  at /rustc/881c1ac408d93bb7adaa3a51dabab9266e82eee8/library/std/src/sys_common/backtrace.rs:125:18
[INFO] [stderr]     21:     0x559dd1be6501 - std::rt::lang_start::{{closure}}::hfc3e9650ec33f88a
[INFO] [stderr]                                  at /rustc/881c1ac408d93bb7adaa3a51dabab9266e82eee8/library/std/src/rt.rs:49:18
[INFO] [stderr]     22:     0x559dd1c2604a - core::ops::function::impls::<impl core::ops::function::FnOnce<A> for &F>::call_once::h3b8c329143d7638a
[INFO] [stderr]                                  at /rustc/881c1ac408d93bb7adaa3a51dabab9266e82eee8/library/core/src/ops/function.rs:259:13
[INFO] [stderr]     23:     0x559dd1c2604a - std::panicking::try::do_call::h4b72c261b4eefc1b
[INFO] [stderr]                                  at /rustc/881c1ac408d93bb7adaa3a51dabab9266e82eee8/library/std/src/panicking.rs:379:40
[INFO] [stderr]     24:     0x559dd1c2604a - std::panicking::try::h703d31b7896cbd49
[INFO] [stderr]                                  at /rustc/881c1ac408d93bb7adaa3a51dabab9266e82eee8/library/std/src/panicking.rs:343:19
[INFO] [stderr]     25:     0x559dd1c2604a - std::panic::catch_unwind::h37cad9b35388a915
[INFO] [stderr]                                  at /rustc/881c1ac408d93bb7adaa3a51dabab9266e82eee8/library/std/src/panic.rs:431:14
[INFO] [stderr]     26:     0x559dd1c2604a - std::rt::lang_start_internal::hab5a8a909af4f90e
[INFO] [stderr]                                  at /rustc/881c1ac408d93bb7adaa3a51dabab9266e82eee8/library/std/src/rt.rs:34:21
[INFO] [stderr]     27:     0x559dd1be64e0 - std::rt::lang_start::h4af5260300cdf4ea
[INFO] [stderr]                                  at /rustc/881c1ac408d93bb7adaa3a51dabab9266e82eee8/library/std/src/rt.rs:48:5
[INFO] [stderr]     28:     0x559dd1be68bc - main
[INFO] [stderr]     29:     0x7f19901730b3 - __libc_start_main
[INFO] [stderr]     30:     0x559dd1be492e - _start
[INFO] [stderr]     31:                0x0 - <unknown>
[INFO] [stderr] warning: build failed, waiting for other jobs to finish...
[INFO] [stdout] error[E0308]: mismatched types
[INFO] [stdout]    --> /opt/rustwide/cargo-home/registry/src/github.com-1ecc6299db9ec823/petgraph-0.1.18/src/graph.rs:404:38
[INFO] [stdout]     |
[INFO] [stdout] 352 | impl<N, E, Ty=Directed, Ix=DefIndex> Graph<N, E, Ty, Ix>
[INFO] [stdout]     |                         -- this type parameter
[INFO] [stdout] ...
[INFO] [stdout] 404 |         assert!(Ix::max().index() == !0 || NodeIndex::end() != node_idx);
[INFO] [stdout]     |                                      ^^ expected type parameter `Ix`, found integer
[INFO] [stdout]     |
[INFO] [stdout]     = note: expected type parameter `Ix`
[INFO] [stdout]                          found type `{integer}`
[INFO] [stdout] 
[INFO] [stdout] 
[INFO] [stdout] error[E0034]: multiple applicable items in scope
[INFO] [stdout]    --> /opt/rustwide/cargo-home/registry/src/github.com-1ecc6299db9ec823/petgraph-0.1.18/src/graph.rs:438:21
[INFO] [stdout]     |
[INFO] [stdout] 438 |         assert!(Ix::max().index() == !0 || EdgeIndex::end() != edge_idx);
[INFO] [stdout]     |                     ^^^ multiple `max` found
[INFO] [stdout]     |
[INFO] [stdout] note: candidate #1 is defined in the trait `IndexType`
[INFO] [stdout]    --> /opt/rustwide/cargo-home/registry/src/github.com-1ecc6299db9ec823/petgraph-0.1.18/src/graph.rs:28:5
[INFO] [stdout]     |
[INFO] [stdout] 28  |     fn max() -> Self;
[INFO] [stdout]     |     ^^^^^^^^^^^^^^^^^
[INFO] [stdout] note: candidate #2 is defined in the trait `Ord`
[INFO] [stdout] help: disambiguate the associated function for candidate #1
[INFO] [stdout]     |
[INFO] [stdout] 438 |         assert!(IndexType::max().index() == !0 || EdgeIndex::end() != edge_idx);
[INFO] [stdout]     |                 ^^^^^^^^^^^^^^
[INFO] [stdout] help: disambiguate the associated function for candidate #2
[INFO] [stdout]     |
[INFO] [stdout] 438 |         assert!(Ord::max().index() == !0 || EdgeIndex::end() != edge_idx);
[INFO] [stdout]     |                 ^^^^^^^^
[INFO] [stdout] 
[INFO] [stdout] 
[INFO] [stdout] error[E0308]: mismatched types
[INFO] [stdout]    --> /opt/rustwide/cargo-home/registry/src/github.com-1ecc6299db9ec823/petgraph-0.1.18/src/graph.rs:438:38
[INFO] [stdout]     |
[INFO] [stdout] 352 | impl<N, E, Ty=Directed, Ix=DefIndex> Graph<N, E, Ty, Ix>
[INFO] [stdout]     |                         -- this type parameter
[INFO] [stdout] ...
[INFO] [stdout] 438 |         assert!(Ix::max().index() == !0 || EdgeIndex::end() != edge_idx);
[INFO] [stdout]     |                                      ^^ expected type parameter `Ix`, found integer
[INFO] [stdout]     |
[INFO] [stdout]     = note: expected type parameter `Ix`
[INFO] [stdout]                          found type `{integer}`
[INFO] [stdout] 
[INFO] [stdout] 
[INFO] [stdout] error: aborting due to 4 previous errors
[INFO] [stdout] 
[INFO] [stdout] 
[INFO] [stdout] Some errors have detailed explanations: E0034, E0308.
[INFO] [stdout] 
[INFO] [stdout] For more information about an error, try `rustc --explain E0034`.
[INFO] [stdout] 
[INFO] [stderr] error: build failed
[INFO] running `Command { std: "docker" "inspect" "f1b91653ab9a78bfa3f99468be51fbef775ed7f1b8ee41d40f1d63309f15bb3b", kill_on_drop: false }`
[INFO] running `Command { std: "docker" "rm" "-f" "f1b91653ab9a78bfa3f99468be51fbef775ed7f1b8ee41d40f1d63309f15bb3b", kill_on_drop: false }`
[INFO] [stdout] f1b91653ab9a78bfa3f99468be51fbef775ed7f1b8ee41d40f1d63309f15bb3b
